MONTHLY CLIMATOLOGICAL SUMMARY for DEC. 2014

NAME: River Grove   CITY: South Merritt Island STATE: FL
ELEV: 18 Feet LAT: 28.3 LONG: 80.7

                            TEMPERATURE ( F), RAIN (in.), WIND SPEED (mph)

                                               HEAT     COOL           AVG
      MEAN                                     DEG      DEG            WIND                       DOM
DAY   TEMP    HIGH   TIME     LOW    TIME      DAYS     DAYS    RAIN   SPEED    HIGH    TIME      DIR
----------------------------------------------------------------------------------------------------------------------------------------------------------
01    71.1   076.4   11:33    66.6   05:15     00.0     06.1   00.00   03.7     16.1    22:13     ENE
02    71.8   075.9   13:32    69.2   05:27     00.0     06.9   00.08   03.4     18.4    18:08     ENE
03    71.5   077.7   14:58    66.2   23:05     00.0     06.6   00.00   03.1     14.9    12:24      NE
04    70.1   077.7   12:37    66.1   01:15     00.0     05.2   00.42   03.2     20.7    14:30     NNE
05    72.9   077.7   13:48    69.7   06:48     00.0     08.0   00.34   02.5     16.1    02:28     ENE
06    71.7   077.0   12:48    68.5   22:56     00.0     06.8   00.17   01.0     11.5    00:09      NE
07    66.7   070.2   00:14    62.0   20:09     00.0     01.7   00.04   05.0     18.4    17:48     NNW
08    66.6   068.9   15:56    61.5   23:59     00.0     01.7   00.59   02.8     21.9    21:48      N 
09    58.4   064.9   14:13    52.5   00:00     06.6     00.0   00.04   07.8     23.0    00:30     NNW
10    54.2   063.6   15:27    47.1   07:37     10.8     00.0   00.00   03.0     13.8    12:17      NW
11    53.7   063.6   14:15    47.2   05:36     11.3     00.0   00.00   02.1     13.8    23:26      NW
12    53.3   062.4   15:11    48.1   05:15     11.6     00.0   00.00   04.3     13.8    03:14     NNW
13    56.1   067.1   14:49    49.9   22:22     08.8     00.0   00.00   03.4     14.9    12:20     NNW
14    56.6   070.6   15:10    47.9   07:31     08.3     00.0   00.00   01.2     10.3    04:19     NNW
15    57.5   071.7   15:04    48.1   07:33     07.4     00.0   00.00   00.5     05.8    15:40      N 
16    60.7   073.7   15:36    51.2   07:17     04.2     00.0   00.00   00.6     09.2    14:28     WSW
17    62.9   074.3   15:00    56.9   00:00     02.0     00.0   00.00   00.9     10.3    14:40     NNW
18    58.1   068.4   14:40    51.1   07:33     06.8     00.0   00.00   01.8     11.5    11:57     NNW
19    61.4   070.3   15:12    56.2   08:20     03.6     00.0   00.00   00.9     10.3    08:14     NNE
20    66.2   074.4   13:54    59.1   07:52     00.0     01.3   00.00   00.6     06.9    14:50     ENE
21    69.7   075.5   11:30    63.8   07:11     00.0     04.8   00.00   00.9     11.5    22:54      SE
22    71.6   078.2   14:42    66.3   07:25     00.0     06.7   00.30   01.0     11.5    12:48     SSE
----------------------------------------------------------------------------------------------------------------------------------------------------------
63.8 (64.9)   78.2  day 22     47.1  day 10   081.4    055.7   01.99   02.4     23.0   day 09     N
Min <=  86: 22
Max Rain: 0.59 ON 8-12-14
Days of Rain: 8 (> .008in) 5 (> .08in) 0 (> 0.8in)